{"id":775,"date":"2024-03-08T14:40:13","date_gmt":"2024-03-08T13:40:13","guid":{"rendered":"https:\/\/www.hotelis-academy.ch\/blog\/collaborateurs\/patrice-didier\/"},"modified":"2025-04-24T11:07:18","modified_gmt":"2025-04-24T09:07:18","slug":"patrice-didier","status":"publish","type":"collaborateurs","link":"https:\/\/www.hotelis-academy.ch\/de\/blog\/collaborateurs\/patrice-didier\/","title":{"rendered":"Patrice Didier"},"content":{"rendered":"\n<p>Inhaber des eidgen\u00f6ssischen Diploms als K\u00fcchenchef und Ausbilder aus \u00dcberzeugung, begeistert sich Patrice f\u00fcr die K\u00fcchen der Welt. Sein Erfahrungsschatz reicht von der gehobenen Gastronomie \u00fcber die Gemeinschaftsverpflegung bis hin zu Brasserien und Luxushotels. Er teilt gerne, was ihm seine Kollegen beigebracht haben, denn f\u00fcr ihn ist Kochen eine Kunst, die geteilt werden muss!<\/p>\n","protected":false},"excerpt":{"rendered":"<p>Inhaber des eidgen\u00f6ssischen Diploms als K\u00fcchenchef und Ausbilder aus \u00dcberzeugung, begeistert sich Patrice f\u00fcr die K\u00fcchen der Welt. Sein Erfahrungsschatz reicht von der gehobenen Gastronomie \u00fcber die Gemeinschaftsverpflegung bis hin zu Brasserien und Luxushotels. Er teilt gerne, was ihm seine Kollegen beigebracht haben, denn f\u00fcr ihn ist Kochen eine Kunst, die geteilt werden muss! [&#8230;]<\/p>\n<p><a class=\"btn btn-secondary understrap-read-more-link\" href=\"https:\/\/www.hotelis-academy.ch\/de\/blog\/collaborateurs\/patrice-didier\/\">Weiterlesen&#8230;<span class=\"screen-reader-text\"> from Patrice Didier<\/span><\/a><\/p>\n","protected":false},"author":1,"featured_media":386,"parent":0,"menu_order":13,"template":"","meta":{"_monsterinsights_skip_tracking":false,"_monsterinsights_sitenote_active":false,"_monsterinsights_sitenote_note":"","_monsterinsights_sitenote_category":0,"footnotes":""},"agence":[],"class_list":["post-775","collaborateurs","type-collaborateurs","status-publish","has-post-thumbnail","hentry"],"yoast_head":"<!-- This site is optimized with the Yoast SEO plugin v27.3 - https:\/\/yoast.com\/product\/yoast-seo-wordpress\/ -->\n<title>Patrice Didier - hotelis-academy<\/title>\n<meta name=\"robots\" content=\"index, follow, max-snippet:-1, max-image-preview:large, max-video-preview:-1\" \/>\n<link rel=\"canonical\" href=\"https:\/\/www.hotelis-academy.ch\/de\/blog\/collaborateurs\/patrice-didier\/\" \/>\n<meta property=\"og:locale\" content=\"de_DE\" \/>\n<meta property=\"og:type\" content=\"article\" \/>\n<meta property=\"og:title\" content=\"Patrice Didier - hotelis-academy\" \/>\n<meta property=\"og:description\" content=\"Inhaber des eidgen\u00f6ssischen Diploms als K\u00fcchenchef und Ausbilder aus \u00dcberzeugung, begeistert sich Patrice f\u00fcr die K\u00fcchen der Welt. Sein Erfahrungsschatz reicht von der gehobenen Gastronomie \u00fcber die Gemeinschaftsverpflegung bis hin zu Brasserien und Luxushotels. Er teilt gerne, was ihm seine Kollegen beigebracht haben, denn f\u00fcr ihn ist Kochen eine Kunst, die geteilt werden muss! [...]Weiterlesen... from Patrice Didier\" \/>\n<meta property=\"og:url\" content=\"https:\/\/www.hotelis-academy.ch\/de\/blog\/collaborateurs\/patrice-didier\/\" \/>\n<meta property=\"og:site_name\" content=\"hotelis-academy\" \/>\n<meta property=\"article:publisher\" content=\"https:\/\/www.facebook.com\/hotelisacademy\" \/>\n<meta property=\"article:modified_time\" content=\"2025-04-24T09:07:18+00:00\" \/>\n<meta property=\"og:image\" content=\"https:\/\/www.hotelis-academy.ch\/wp-content\/uploads\/2024\/03\/Patrice_Didier.jpg\" \/>\n\t<meta property=\"og:image:width\" content=\"750\" \/>\n\t<meta property=\"og:image:height\" content=\"750\" \/>\n\t<meta property=\"og:image:type\" content=\"image\/jpeg\" \/>\n<meta name=\"twitter:card\" content=\"summary_large_image\" \/>\n<meta name=\"twitter:label1\" content=\"Gesch\u00e4tzte Lesezeit\" \/>\n\t<meta name=\"twitter:data1\" content=\"1\u00a0Minute\" \/>\n<script type=\"application\/ld+json\" class=\"yoast-schema-graph\">{\"@context\":\"https:\\\/\\\/schema.org\",\"@graph\":[{\"@type\":\"WebPage\",\"@id\":\"https:\\\/\\\/www.hotelis-academy.ch\\\/de\\\/blog\\\/collaborateurs\\\/patrice-didier\\\/\",\"url\":\"https:\\\/\\\/www.hotelis-academy.ch\\\/de\\\/blog\\\/collaborateurs\\\/patrice-didier\\\/\",\"name\":\"Patrice Didier - hotelis-academy\",\"isPartOf\":{\"@id\":\"https:\\\/\\\/www.hotelis-academy.ch\\\/de\\\/#website\"},\"primaryImageOfPage\":{\"@id\":\"https:\\\/\\\/www.hotelis-academy.ch\\\/de\\\/blog\\\/collaborateurs\\\/patrice-didier\\\/#primaryimage\"},\"image\":{\"@id\":\"https:\\\/\\\/www.hotelis-academy.ch\\\/de\\\/blog\\\/collaborateurs\\\/patrice-didier\\\/#primaryimage\"},\"thumbnailUrl\":\"https:\\\/\\\/www.hotelis-academy.ch\\\/wp-content\\\/uploads\\\/2024\\\/03\\\/Patrice_Didier.jpg\",\"datePublished\":\"2024-03-08T13:40:13+00:00\",\"dateModified\":\"2025-04-24T09:07:18+00:00\",\"breadcrumb\":{\"@id\":\"https:\\\/\\\/www.hotelis-academy.ch\\\/de\\\/blog\\\/collaborateurs\\\/patrice-didier\\\/#breadcrumb\"},\"inLanguage\":\"de\",\"potentialAction\":[{\"@type\":\"ReadAction\",\"target\":[\"https:\\\/\\\/www.hotelis-academy.ch\\\/de\\\/blog\\\/collaborateurs\\\/patrice-didier\\\/\"]}]},{\"@type\":\"ImageObject\",\"inLanguage\":\"de\",\"@id\":\"https:\\\/\\\/www.hotelis-academy.ch\\\/de\\\/blog\\\/collaborateurs\\\/patrice-didier\\\/#primaryimage\",\"url\":\"https:\\\/\\\/www.hotelis-academy.ch\\\/wp-content\\\/uploads\\\/2024\\\/03\\\/Patrice_Didier.jpg\",\"contentUrl\":\"https:\\\/\\\/www.hotelis-academy.ch\\\/wp-content\\\/uploads\\\/2024\\\/03\\\/Patrice_Didier.jpg\",\"width\":750,\"height\":750},{\"@type\":\"BreadcrumbList\",\"@id\":\"https:\\\/\\\/www.hotelis-academy.ch\\\/de\\\/blog\\\/collaborateurs\\\/patrice-didier\\\/#breadcrumb\",\"itemListElement\":[{\"@type\":\"ListItem\",\"position\":1,\"name\":\"Accueil\",\"item\":\"https:\\\/\\\/www.hotelis-academy.ch\\\/de\\\/\"},{\"@type\":\"ListItem\",\"position\":2,\"name\":\"Patrice Didier\"}]},{\"@type\":\"WebSite\",\"@id\":\"https:\\\/\\\/www.hotelis-academy.ch\\\/de\\\/#website\",\"url\":\"https:\\\/\\\/www.hotelis-academy.ch\\\/de\\\/\",\"name\":\"hotelis-academy\",\"description\":\"Formations et conseils en h\u00f4tellerie et restauration\",\"publisher\":{\"@id\":\"https:\\\/\\\/www.hotelis-academy.ch\\\/de\\\/#organization\"},\"potentialAction\":[{\"@type\":\"SearchAction\",\"target\":{\"@type\":\"EntryPoint\",\"urlTemplate\":\"https:\\\/\\\/www.hotelis-academy.ch\\\/de\\\/?s={search_term_string}\"},\"query-input\":{\"@type\":\"PropertyValueSpecification\",\"valueRequired\":true,\"valueName\":\"search_term_string\"}}],\"inLanguage\":\"de\"},{\"@type\":\"Organization\",\"@id\":\"https:\\\/\\\/www.hotelis-academy.ch\\\/de\\\/#organization\",\"name\":\"Hotelis Academy\",\"url\":\"https:\\\/\\\/www.hotelis-academy.ch\\\/de\\\/\",\"logo\":{\"@type\":\"ImageObject\",\"inLanguage\":\"de\",\"@id\":\"https:\\\/\\\/www.hotelis-academy.ch\\\/de\\\/#\\\/schema\\\/logo\\\/image\\\/\",\"url\":\"https:\\\/\\\/www.hotelis-academy.ch\\\/wp-content\\\/uploads\\\/2024\\\/02\\\/Logo.png\",\"contentUrl\":\"https:\\\/\\\/www.hotelis-academy.ch\\\/wp-content\\\/uploads\\\/2024\\\/02\\\/Logo.png\",\"width\":250,\"height\":71,\"caption\":\"Hotelis Academy\"},\"image\":{\"@id\":\"https:\\\/\\\/www.hotelis-academy.ch\\\/de\\\/#\\\/schema\\\/logo\\\/image\\\/\"},\"sameAs\":[\"https:\\\/\\\/www.facebook.com\\\/hotelisacademy\",\"https:\\\/\\\/www.linkedin.com\\\/company\\\/hotelis-academy\\\/\"]}]}<\/script>\n<!-- \/ Yoast SEO plugin. -->","yoast_head_json":{"title":"Patrice Didier - hotelis-academy","robots":{"index":"index","follow":"follow","max-snippet":"max-snippet:-1","max-image-preview":"max-image-preview:large","max-video-preview":"max-video-preview:-1"},"canonical":"https:\/\/www.hotelis-academy.ch\/de\/blog\/collaborateurs\/patrice-didier\/","og_locale":"de_DE","og_type":"article","og_title":"Patrice Didier - hotelis-academy","og_description":"Inhaber des eidgen\u00f6ssischen Diploms als K\u00fcchenchef und Ausbilder aus \u00dcberzeugung, begeistert sich Patrice f\u00fcr die K\u00fcchen der Welt. Sein Erfahrungsschatz reicht von der gehobenen Gastronomie \u00fcber die Gemeinschaftsverpflegung bis hin zu Brasserien und Luxushotels. Er teilt gerne, was ihm seine Kollegen beigebracht haben, denn f\u00fcr ihn ist Kochen eine Kunst, die geteilt werden muss! [...]Weiterlesen... from Patrice Didier","og_url":"https:\/\/www.hotelis-academy.ch\/de\/blog\/collaborateurs\/patrice-didier\/","og_site_name":"hotelis-academy","article_publisher":"https:\/\/www.facebook.com\/hotelisacademy","article_modified_time":"2025-04-24T09:07:18+00:00","og_image":[{"width":750,"height":750,"url":"https:\/\/www.hotelis-academy.ch\/wp-content\/uploads\/2024\/03\/Patrice_Didier.jpg","type":"image\/jpeg"}],"twitter_card":"summary_large_image","twitter_misc":{"Gesch\u00e4tzte Lesezeit":"1\u00a0Minute"},"schema":{"@context":"https:\/\/schema.org","@graph":[{"@type":"WebPage","@id":"https:\/\/www.hotelis-academy.ch\/de\/blog\/collaborateurs\/patrice-didier\/","url":"https:\/\/www.hotelis-academy.ch\/de\/blog\/collaborateurs\/patrice-didier\/","name":"Patrice Didier - hotelis-academy","isPartOf":{"@id":"https:\/\/www.hotelis-academy.ch\/de\/#website"},"primaryImageOfPage":{"@id":"https:\/\/www.hotelis-academy.ch\/de\/blog\/collaborateurs\/patrice-didier\/#primaryimage"},"image":{"@id":"https:\/\/www.hotelis-academy.ch\/de\/blog\/collaborateurs\/patrice-didier\/#primaryimage"},"thumbnailUrl":"https:\/\/www.hotelis-academy.ch\/wp-content\/uploads\/2024\/03\/Patrice_Didier.jpg","datePublished":"2024-03-08T13:40:13+00:00","dateModified":"2025-04-24T09:07:18+00:00","breadcrumb":{"@id":"https:\/\/www.hotelis-academy.ch\/de\/blog\/collaborateurs\/patrice-didier\/#breadcrumb"},"inLanguage":"de","potentialAction":[{"@type":"ReadAction","target":["https:\/\/www.hotelis-academy.ch\/de\/blog\/collaborateurs\/patrice-didier\/"]}]},{"@type":"ImageObject","inLanguage":"de","@id":"https:\/\/www.hotelis-academy.ch\/de\/blog\/collaborateurs\/patrice-didier\/#primaryimage","url":"https:\/\/www.hotelis-academy.ch\/wp-content\/uploads\/2024\/03\/Patrice_Didier.jpg","contentUrl":"https:\/\/www.hotelis-academy.ch\/wp-content\/uploads\/2024\/03\/Patrice_Didier.jpg","width":750,"height":750},{"@type":"BreadcrumbList","@id":"https:\/\/www.hotelis-academy.ch\/de\/blog\/collaborateurs\/patrice-didier\/#breadcrumb","itemListElement":[{"@type":"ListItem","position":1,"name":"Accueil","item":"https:\/\/www.hotelis-academy.ch\/de\/"},{"@type":"ListItem","position":2,"name":"Patrice Didier"}]},{"@type":"WebSite","@id":"https:\/\/www.hotelis-academy.ch\/de\/#website","url":"https:\/\/www.hotelis-academy.ch\/de\/","name":"hotelis-academy","description":"Formations et conseils en h\u00f4tellerie et restauration","publisher":{"@id":"https:\/\/www.hotelis-academy.ch\/de\/#organization"},"potentialAction":[{"@type":"SearchAction","target":{"@type":"EntryPoint","urlTemplate":"https:\/\/www.hotelis-academy.ch\/de\/?s={search_term_string}"},"query-input":{"@type":"PropertyValueSpecification","valueRequired":true,"valueName":"search_term_string"}}],"inLanguage":"de"},{"@type":"Organization","@id":"https:\/\/www.hotelis-academy.ch\/de\/#organization","name":"Hotelis Academy","url":"https:\/\/www.hotelis-academy.ch\/de\/","logo":{"@type":"ImageObject","inLanguage":"de","@id":"https:\/\/www.hotelis-academy.ch\/de\/#\/schema\/logo\/image\/","url":"https:\/\/www.hotelis-academy.ch\/wp-content\/uploads\/2024\/02\/Logo.png","contentUrl":"https:\/\/www.hotelis-academy.ch\/wp-content\/uploads\/2024\/02\/Logo.png","width":250,"height":71,"caption":"Hotelis Academy"},"image":{"@id":"https:\/\/www.hotelis-academy.ch\/de\/#\/schema\/logo\/image\/"},"sameAs":["https:\/\/www.facebook.com\/hotelisacademy","https:\/\/www.linkedin.com\/company\/hotelis-academy\/"]}]}},"_links":{"self":[{"href":"https:\/\/www.hotelis-academy.ch\/de\/wp-json\/wp\/v2\/collaborateurs\/775","targetHints":{"allow":["GET"]}}],"collection":[{"href":"https:\/\/www.hotelis-academy.ch\/de\/wp-json\/wp\/v2\/collaborateurs"}],"about":[{"href":"https:\/\/www.hotelis-academy.ch\/de\/wp-json\/wp\/v2\/types\/collaborateurs"}],"author":[{"embeddable":true,"href":"https:\/\/www.hotelis-academy.ch\/de\/wp-json\/wp\/v2\/users\/1"}],"version-history":[{"count":1,"href":"https:\/\/www.hotelis-academy.ch\/de\/wp-json\/wp\/v2\/collaborateurs\/775\/revisions"}],"predecessor-version":[{"id":776,"href":"https:\/\/www.hotelis-academy.ch\/de\/wp-json\/wp\/v2\/collaborateurs\/775\/revisions\/776"}],"wp:featuredmedia":[{"embeddable":true,"href":"https:\/\/www.hotelis-academy.ch\/de\/wp-json\/wp\/v2\/media\/386"}],"wp:attachment":[{"href":"https:\/\/www.hotelis-academy.ch\/de\/wp-json\/wp\/v2\/media?parent=775"}],"wp:term":[{"taxonomy":"agence","embeddable":true,"href":"https:\/\/www.hotelis-academy.ch\/de\/wp-json\/wp\/v2\/agence?post=775"}],"curies":[{"name":"wp","href":"https:\/\/api.w.org\/{rel}","templated":true}]}}

<p>Inhaber des eidgenössischen Diploms als Küchenchef und Ausbilder aus Überzeugung, begeistert sich Patrice für die Küchen der Welt. Sein Erfahrungsschatz reicht von der gehobenen Gastronomie über die Gemeinschaftsverpflegung bis hin zu Brasserien und Luxushotels. Er teilt gerne, was ihm seine Kollegen beigebracht haben, denn für ihn ist Kochen eine Kunst, die geteilt werden muss!</p>

<p>Inhaber des eidgenössischen Diploms als Küchenchef und Ausbilder aus Überzeugung, begeistert sich Patrice für die Küchen der Welt. Sein Erfahrungsschatz reicht von der gehobenen Gastronomie über die Gemeinschaftsverpflegung bis hin zu Brasserien und Luxushotels. Er teilt gerne, was ihm seine Kollegen beigebracht haben, denn für ihn ist Kochen eine Kunst, die geteilt werden muss! [&#8230;]</p>
<p><a class="btn btn-secondary understrap-read-more-link" href="https://www.hotelis-academy.ch/de/blog/collaborateurs/patrice-didier/">Weiterlesen&#8230;<span class="screen-reader-text"> from Patrice Didier</span></a></p>

<!-- This site is optimized with the Yoast SEO plugin v27.3 - https://yoast.com/product/yoast-seo-wordpress/ -->
<title>Patrice Didier - hotelis-academy</title>
<meta name="robots" content="index, follow, max-snippet:-1, max-image-preview:large, max-video-preview:-1" />
<link rel="canonical" href="https://www.hotelis-academy.ch/de/blog/collaborateurs/patrice-didier/" />
<meta property="og:locale" content="de_DE" />
<meta property="og:type" content="article" />
<meta property="og:title" content="Patrice Didier - hotelis-academy" />
<meta property="og:description" content="Inhaber des eidgenössischen Diploms als Küchenchef und Ausbilder aus Überzeugung, begeistert sich Patrice für die Küchen der Welt. Sein Erfahrungsschatz reicht von der gehobenen Gastronomie über die Gemeinschaftsverpflegung bis hin zu Brasserien und Luxushotels. Er teilt gerne, was ihm seine Kollegen beigebracht haben, denn für ihn ist Kochen eine Kunst, die geteilt werden muss! [...]Weiterlesen... from Patrice Didier" />
<meta property="og:url" content="https://www.hotelis-academy.ch/de/blog/collaborateurs/patrice-didier/" />
<meta property="og:site_name" content="hotelis-academy" />
<meta property="article:publisher" content="https://www.facebook.com/hotelisacademy" />
<meta property="article:modified_time" content="2025-04-24T09:07:18+00:00" />
<meta property="og:image" content="https://www.hotelis-academy.ch/wp-content/uploads/2024/03/Patrice_Didier.jpg" />
	<meta property="og:image:width" content="750" />
	<meta property="og:image:height" content="750" />
	<meta property="og:image:type" content="image/jpeg" />
<meta name="twitter:card" content="summary_large_image" />
<meta name="twitter:label1" content="Geschätzte Lesezeit" />
	<meta name="twitter:data1" content="1 Minute" />
<script type="application/ld+json" class="yoast-schema-graph">{"@context":"https:\/\/schema.org","@graph":[{"@type":"WebPage","@id":"https:\/\/www.hotelis-academy.ch\/de\/blog\/collaborateurs\/patrice-didier\/","url":"https:\/\/www.hotelis-academy.ch\/de\/blog\/collaborateurs\/patrice-didier\/","name":"Patrice Didier - hotelis-academy","isPartOf":{"@id":"https:\/\/www.hotelis-academy.ch\/de\/#website"},"primaryImageOfPage":{"@id":"https:\/\/www.hotelis-academy.ch\/de\/blog\/collaborateurs\/patrice-didier\/#primaryimage"},"image":{"@id":"https:\/\/www.hotelis-academy.ch\/de\/blog\/collaborateurs\/patrice-didier\/#primaryimage"},"thumbnailUrl":"https:\/\/www.hotelis-academy.ch\/wp-content\/uploads\/2024\/03\/Patrice_Didier.jpg","datePublished":"2024-03-08T13:40:13+00:00","dateModified":"2025-04-24T09:07:18+00:00","breadcrumb":{"@id":"https:\/\/www.hotelis-academy.ch\/de\/blog\/collaborateurs\/patrice-didier\/#breadcrumb"},"inLanguage":"de","potentialAction":[{"@type":"ReadAction","target":["https:\/\/www.hotelis-academy.ch\/de\/blog\/collaborateurs\/patrice-didier\/"]}]},{"@type":"ImageObject","inLanguage":"de","@id":"https:\/\/www.hotelis-academy.ch\/de\/blog\/collaborateurs\/patrice-didier\/#primaryimage","url":"https:\/\/www.hotelis-academy.ch\/wp-content\/uploads\/2024\/03\/Patrice_Didier.jpg","contentUrl":"https:\/\/www.hotelis-academy.ch\/wp-content\/uploads\/2024\/03\/Patrice_Didier.jpg","width":750,"height":750},{"@type":"BreadcrumbList","@id":"https:\/\/www.hotelis-academy.ch\/de\/blog\/collaborateurs\/patrice-didier\/#breadcrumb","itemListElement":[{"@type":"ListItem","position":1,"name":"Accueil","item":"https:\/\/www.hotelis-academy.ch\/de\/"},{"@type":"ListItem","position":2,"name":"Patrice Didier"}]},{"@type":"WebSite","@id":"https:\/\/www.hotelis-academy.ch\/de\/#website","url":"https:\/\/www.hotelis-academy.ch\/de\/","name":"hotelis-academy","description":"Formations et conseils en hôtellerie et restauration","publisher":{"@id":"https:\/\/www.hotelis-academy.ch\/de\/#organization"},"potentialAction":[{"@type":"SearchAction","target":{"@type":"EntryPoint","urlTemplate":"https:\/\/www.hotelis-academy.ch\/de\/?s={search_term_string}"},"query-input":{"@type":"PropertyValueSpecification","valueRequired":true,"valueName":"search_term_string"}}],"inLanguage":"de"},{"@type":"Organization","@id":"https:\/\/www.hotelis-academy.ch\/de\/#organization","name":"Hotelis Academy","url":"https:\/\/www.hotelis-academy.ch\/de\/","logo":{"@type":"ImageObject","inLanguage":"de","@id":"https:\/\/www.hotelis-academy.ch\/de\/#\/schema\/logo\/image\/","url":"https:\/\/www.hotelis-academy.ch\/wp-content\/uploads\/2024\/02\/Logo.png","contentUrl":"https:\/\/www.hotelis-academy.ch\/wp-content\/uploads\/2024\/02\/Logo.png","width":250,"height":71,"caption":"Hotelis Academy"},"image":{"@id":"https:\/\/www.hotelis-academy.ch\/de\/#\/schema\/logo\/image\/"},"sameAs":["https:\/\/www.facebook.com\/hotelisacademy","https:\/\/www.linkedin.com\/company\/hotelis-academy\/"]}]}</script>
<!-- / Yoast SEO plugin. -->

Inhaber des eidgenössischen Diploms als Küchenchef und Ausbilder aus Überzeugung, begeistert sich Patrice für die Küchen der Welt. Sein Erfahrungsschatz reicht von der gehobenen Gastronomie über die Gemeinschaftsverpflegung bis hin zu Brasserien und Luxushotels. Er teilt gerne, was ihm seine Kollegen beigebracht haben, denn für ihn ist Kochen eine Kunst, die geteilt werden muss! [...]Weiterlesen... from Patrice Didier

Formations et conseils en hôtellerie et restauration
