{"id":715,"date":"2025-04-14T15:45:59","date_gmt":"2025-04-14T13:45:59","guid":{"rendered":"https:\/\/www.hotelis-academy.ch\/blog\/collaborateurs\/andre-rytz\/"},"modified":"2025-04-14T15:46:23","modified_gmt":"2025-04-14T13:46:23","slug":"andre-rytz","status":"publish","type":"collaborateurs","link":"https:\/\/www.hotelis-academy.ch\/de\/blog\/collaborateurs\/andre-rytz\/","title":{"rendered":"Andre Rytz"},"content":{"rendered":"\n<p>Andr\u00e9 ist Koch und Absolvent einer Hotelfachschule, er verf\u00fcgt \u00fcber mehr als 30 Jahre Erfahrung in der Hotellerie, die er in Spanien und Mittelamerika gesammelt hat. Er war Professor an der Hotelfachschule Les Roches Marbella und am CIO Mijas, er ist CHE- und SVEB1-zertifiziert, spezialisiert auf Erwachsenenbildung.<\/p>\n\n\n\n<p>Seit 2024 ist er wieder in der Schweiz und teilt seine Leidenschaft f\u00fcr die internationale K\u00fcche in Kursen, die Schweizer Traditionen und Einfl\u00fcsse aus aller Welt miteinander verbinden und sich stark f\u00fcr Nachhaltigkeit und lokale Produkte einsetzen.<\/p>\n\n\n\n<p>Als leidenschaftlicher P\u00e4dagoge inspiriert er die neuen Generationen von K\u00f6chen mit seiner kreativen und respektvollen Vision der Gastronomie. Er verf\u00fcgt auch \u00fcber ein solides internationales Netzwerk und vertritt den lateinamerikanischen Verband Aregala.<\/p>\n\n\n\n<p><\/p>\n","protected":false},"excerpt":{"rendered":"<p>Andr\u00e9 ist Koch und Absolvent einer Hotelfachschule, er verf\u00fcgt \u00fcber mehr als 30 Jahre Erfahrung in der Hotellerie, die er in Spanien und Mittelamerika gesammelt hat. Er war Professor an der Hotelfachschule Les Roches Marbella und am CIO Mijas, er ist CHE- und SVEB1-zertifiziert, spezialisiert auf Erwachsenenbildung. Seit 2024 ist er wieder in der Schweiz [&#8230;]<\/p>\n<p><a class=\"btn btn-secondary understrap-read-more-link\" href=\"https:\/\/www.hotelis-academy.ch\/de\/blog\/collaborateurs\/andre-rytz\/\">Weiterlesen&#8230;<span class=\"screen-reader-text\"> from Andre Rytz<\/span><\/a><\/p>\n","protected":false},"author":1,"featured_media":813,"parent":0,"menu_order":25,"template":"","meta":{"_monsterinsights_skip_tracking":false,"_monsterinsights_sitenote_active":false,"_monsterinsights_sitenote_note":"","_monsterinsights_sitenote_category":0,"footnotes":""},"agence":[],"class_list":["post-715","collaborateurs","type-collaborateurs","status-publish","has-post-thumbnail","hentry"],"yoast_head":"<!-- This site is optimized with the Yoast SEO plugin v27.3 - https:\/\/yoast.com\/product\/yoast-seo-wordpress\/ -->\n<title>Andre Rytz - hotelis-academy<\/title>\n<meta name=\"robots\" content=\"index, follow, max-snippet:-1, max-image-preview:large, max-video-preview:-1\" \/>\n<link rel=\"canonical\" href=\"https:\/\/www.hotelis-academy.ch\/de\/blog\/collaborateurs\/andre-rytz\/\" \/>\n<meta property=\"og:locale\" content=\"de_DE\" \/>\n<meta property=\"og:type\" content=\"article\" \/>\n<meta property=\"og:title\" content=\"Andre Rytz - hotelis-academy\" \/>\n<meta property=\"og:description\" content=\"Andr\u00e9 ist Koch und Absolvent einer Hotelfachschule, er verf\u00fcgt \u00fcber mehr als 30 Jahre Erfahrung in der Hotellerie, die er in Spanien und Mittelamerika gesammelt hat. Er war Professor an der Hotelfachschule Les Roches Marbella und am CIO Mijas, er ist CHE- und SVEB1-zertifiziert, spezialisiert auf Erwachsenenbildung. Seit 2024 ist er wieder in der Schweiz [...]Weiterlesen... from Andre Rytz\" \/>\n<meta property=\"og:url\" content=\"https:\/\/www.hotelis-academy.ch\/de\/blog\/collaborateurs\/andre-rytz\/\" \/>\n<meta property=\"og:site_name\" content=\"hotelis-academy\" \/>\n<meta property=\"article:publisher\" content=\"https:\/\/www.facebook.com\/hotelisacademy\" \/>\n<meta property=\"article:modified_time\" content=\"2025-04-14T13:46:23+00:00\" \/>\n<meta property=\"og:image\" content=\"https:\/\/www.hotelis-academy.ch\/wp-content\/uploads\/2024\/04\/Logo_1200x675.jpg\" \/>\n\t<meta property=\"og:image:width\" content=\"1200\" \/>\n\t<meta property=\"og:image:height\" content=\"675\" \/>\n\t<meta property=\"og:image:type\" content=\"image\/jpeg\" \/>\n<meta name=\"twitter:card\" content=\"summary_large_image\" \/>\n<meta name=\"twitter:label1\" content=\"Gesch\u00e4tzte Lesezeit\" \/>\n\t<meta name=\"twitter:data1\" content=\"1\u00a0Minute\" \/>\n<script type=\"application\/ld+json\" class=\"yoast-schema-graph\">{\"@context\":\"https:\\\/\\\/schema.org\",\"@graph\":[{\"@type\":\"WebPage\",\"@id\":\"https:\\\/\\\/www.hotelis-academy.ch\\\/de\\\/blog\\\/collaborateurs\\\/andre-rytz\\\/\",\"url\":\"https:\\\/\\\/www.hotelis-academy.ch\\\/de\\\/blog\\\/collaborateurs\\\/andre-rytz\\\/\",\"name\":\"Andre Rytz - hotelis-academy\",\"isPartOf\":{\"@id\":\"https:\\\/\\\/www.hotelis-academy.ch\\\/de\\\/#website\"},\"primaryImageOfPage\":{\"@id\":\"https:\\\/\\\/www.hotelis-academy.ch\\\/de\\\/blog\\\/collaborateurs\\\/andre-rytz\\\/#primaryimage\"},\"image\":{\"@id\":\"https:\\\/\\\/www.hotelis-academy.ch\\\/de\\\/blog\\\/collaborateurs\\\/andre-rytz\\\/#primaryimage\"},\"thumbnailUrl\":\"https:\\\/\\\/www.hotelis-academy.ch\\\/wp-content\\\/uploads\\\/2025\\\/04\\\/Andre-Ritz750x750.jpg\",\"datePublished\":\"2025-04-14T13:45:59+00:00\",\"dateModified\":\"2025-04-14T13:46:23+00:00\",\"breadcrumb\":{\"@id\":\"https:\\\/\\\/www.hotelis-academy.ch\\\/de\\\/blog\\\/collaborateurs\\\/andre-rytz\\\/#breadcrumb\"},\"inLanguage\":\"de\",\"potentialAction\":[{\"@type\":\"ReadAction\",\"target\":[\"https:\\\/\\\/www.hotelis-academy.ch\\\/de\\\/blog\\\/collaborateurs\\\/andre-rytz\\\/\"]}]},{\"@type\":\"ImageObject\",\"inLanguage\":\"de\",\"@id\":\"https:\\\/\\\/www.hotelis-academy.ch\\\/de\\\/blog\\\/collaborateurs\\\/andre-rytz\\\/#primaryimage\",\"url\":\"https:\\\/\\\/www.hotelis-academy.ch\\\/wp-content\\\/uploads\\\/2025\\\/04\\\/Andre-Ritz750x750.jpg\",\"contentUrl\":\"https:\\\/\\\/www.hotelis-academy.ch\\\/wp-content\\\/uploads\\\/2025\\\/04\\\/Andre-Ritz750x750.jpg\",\"width\":750,\"height\":750},{\"@type\":\"BreadcrumbList\",\"@id\":\"https:\\\/\\\/www.hotelis-academy.ch\\\/de\\\/blog\\\/collaborateurs\\\/andre-rytz\\\/#breadcrumb\",\"itemListElement\":[{\"@type\":\"ListItem\",\"position\":1,\"name\":\"Accueil\",\"item\":\"https:\\\/\\\/www.hotelis-academy.ch\\\/de\\\/\"},{\"@type\":\"ListItem\",\"position\":2,\"name\":\"Andre Rytz\"}]},{\"@type\":\"WebSite\",\"@id\":\"https:\\\/\\\/www.hotelis-academy.ch\\\/de\\\/#website\",\"url\":\"https:\\\/\\\/www.hotelis-academy.ch\\\/de\\\/\",\"name\":\"hotelis-academy\",\"description\":\"Formations et conseils en h\u00f4tellerie et restauration\",\"publisher\":{\"@id\":\"https:\\\/\\\/www.hotelis-academy.ch\\\/de\\\/#organization\"},\"potentialAction\":[{\"@type\":\"SearchAction\",\"target\":{\"@type\":\"EntryPoint\",\"urlTemplate\":\"https:\\\/\\\/www.hotelis-academy.ch\\\/de\\\/?s={search_term_string}\"},\"query-input\":{\"@type\":\"PropertyValueSpecification\",\"valueRequired\":true,\"valueName\":\"search_term_string\"}}],\"inLanguage\":\"de\"},{\"@type\":\"Organization\",\"@id\":\"https:\\\/\\\/www.hotelis-academy.ch\\\/de\\\/#organization\",\"name\":\"Hotelis Academy\",\"url\":\"https:\\\/\\\/www.hotelis-academy.ch\\\/de\\\/\",\"logo\":{\"@type\":\"ImageObject\",\"inLanguage\":\"de\",\"@id\":\"https:\\\/\\\/www.hotelis-academy.ch\\\/de\\\/#\\\/schema\\\/logo\\\/image\\\/\",\"url\":\"https:\\\/\\\/www.hotelis-academy.ch\\\/wp-content\\\/uploads\\\/2024\\\/02\\\/Logo.png\",\"contentUrl\":\"https:\\\/\\\/www.hotelis-academy.ch\\\/wp-content\\\/uploads\\\/2024\\\/02\\\/Logo.png\",\"width\":250,\"height\":71,\"caption\":\"Hotelis Academy\"},\"image\":{\"@id\":\"https:\\\/\\\/www.hotelis-academy.ch\\\/de\\\/#\\\/schema\\\/logo\\\/image\\\/\"},\"sameAs\":[\"https:\\\/\\\/www.facebook.com\\\/hotelisacademy\",\"https:\\\/\\\/www.linkedin.com\\\/company\\\/hotelis-academy\\\/\"]}]}<\/script>\n<!-- \/ Yoast SEO plugin. -->","yoast_head_json":{"title":"Andre Rytz - hotelis-academy","robots":{"index":"index","follow":"follow","max-snippet":"max-snippet:-1","max-image-preview":"max-image-preview:large","max-video-preview":"max-video-preview:-1"},"canonical":"https:\/\/www.hotelis-academy.ch\/de\/blog\/collaborateurs\/andre-rytz\/","og_locale":"de_DE","og_type":"article","og_title":"Andre Rytz - hotelis-academy","og_description":"Andr\u00e9 ist Koch und Absolvent einer Hotelfachschule, er verf\u00fcgt \u00fcber mehr als 30 Jahre Erfahrung in der Hotellerie, die er in Spanien und Mittelamerika gesammelt hat. Er war Professor an der Hotelfachschule Les Roches Marbella und am CIO Mijas, er ist CHE- und SVEB1-zertifiziert, spezialisiert auf Erwachsenenbildung. Seit 2024 ist er wieder in der Schweiz [...]Weiterlesen... from Andre Rytz","og_url":"https:\/\/www.hotelis-academy.ch\/de\/blog\/collaborateurs\/andre-rytz\/","og_site_name":"hotelis-academy","article_publisher":"https:\/\/www.facebook.com\/hotelisacademy","article_modified_time":"2025-04-14T13:46:23+00:00","og_image":[{"width":1200,"height":675,"url":"https:\/\/www.hotelis-academy.ch\/wp-content\/uploads\/2024\/04\/Logo_1200x675.jpg","type":"image\/jpeg"}],"twitter_card":"summary_large_image","twitter_misc":{"Gesch\u00e4tzte Lesezeit":"1\u00a0Minute"},"schema":{"@context":"https:\/\/schema.org","@graph":[{"@type":"WebPage","@id":"https:\/\/www.hotelis-academy.ch\/de\/blog\/collaborateurs\/andre-rytz\/","url":"https:\/\/www.hotelis-academy.ch\/de\/blog\/collaborateurs\/andre-rytz\/","name":"Andre Rytz - hotelis-academy","isPartOf":{"@id":"https:\/\/www.hotelis-academy.ch\/de\/#website"},"primaryImageOfPage":{"@id":"https:\/\/www.hotelis-academy.ch\/de\/blog\/collaborateurs\/andre-rytz\/#primaryimage"},"image":{"@id":"https:\/\/www.hotelis-academy.ch\/de\/blog\/collaborateurs\/andre-rytz\/#primaryimage"},"thumbnailUrl":"https:\/\/www.hotelis-academy.ch\/wp-content\/uploads\/2025\/04\/Andre-Ritz750x750.jpg","datePublished":"2025-04-14T13:45:59+00:00","dateModified":"2025-04-14T13:46:23+00:00","breadcrumb":{"@id":"https:\/\/www.hotelis-academy.ch\/de\/blog\/collaborateurs\/andre-rytz\/#breadcrumb"},"inLanguage":"de","potentialAction":[{"@type":"ReadAction","target":["https:\/\/www.hotelis-academy.ch\/de\/blog\/collaborateurs\/andre-rytz\/"]}]},{"@type":"ImageObject","inLanguage":"de","@id":"https:\/\/www.hotelis-academy.ch\/de\/blog\/collaborateurs\/andre-rytz\/#primaryimage","url":"https:\/\/www.hotelis-academy.ch\/wp-content\/uploads\/2025\/04\/Andre-Ritz750x750.jpg","contentUrl":"https:\/\/www.hotelis-academy.ch\/wp-content\/uploads\/2025\/04\/Andre-Ritz750x750.jpg","width":750,"height":750},{"@type":"BreadcrumbList","@id":"https:\/\/www.hotelis-academy.ch\/de\/blog\/collaborateurs\/andre-rytz\/#breadcrumb","itemListElement":[{"@type":"ListItem","position":1,"name":"Accueil","item":"https:\/\/www.hotelis-academy.ch\/de\/"},{"@type":"ListItem","position":2,"name":"Andre Rytz"}]},{"@type":"WebSite","@id":"https:\/\/www.hotelis-academy.ch\/de\/#website","url":"https:\/\/www.hotelis-academy.ch\/de\/","name":"hotelis-academy","description":"Formations et conseils en h\u00f4tellerie et restauration","publisher":{"@id":"https:\/\/www.hotelis-academy.ch\/de\/#organization"},"potentialAction":[{"@type":"SearchAction","target":{"@type":"EntryPoint","urlTemplate":"https:\/\/www.hotelis-academy.ch\/de\/?s={search_term_string}"},"query-input":{"@type":"PropertyValueSpecification","valueRequired":true,"valueName":"search_term_string"}}],"inLanguage":"de"},{"@type":"Organization","@id":"https:\/\/www.hotelis-academy.ch\/de\/#organization","name":"Hotelis Academy","url":"https:\/\/www.hotelis-academy.ch\/de\/","logo":{"@type":"ImageObject","inLanguage":"de","@id":"https:\/\/www.hotelis-academy.ch\/de\/#\/schema\/logo\/image\/","url":"https:\/\/www.hotelis-academy.ch\/wp-content\/uploads\/2024\/02\/Logo.png","contentUrl":"https:\/\/www.hotelis-academy.ch\/wp-content\/uploads\/2024\/02\/Logo.png","width":250,"height":71,"caption":"Hotelis Academy"},"image":{"@id":"https:\/\/www.hotelis-academy.ch\/de\/#\/schema\/logo\/image\/"},"sameAs":["https:\/\/www.facebook.com\/hotelisacademy","https:\/\/www.linkedin.com\/company\/hotelis-academy\/"]}]}},"_links":{"self":[{"href":"https:\/\/www.hotelis-academy.ch\/de\/wp-json\/wp\/v2\/collaborateurs\/715","targetHints":{"allow":["GET"]}}],"collection":[{"href":"https:\/\/www.hotelis-academy.ch\/de\/wp-json\/wp\/v2\/collaborateurs"}],"about":[{"href":"https:\/\/www.hotelis-academy.ch\/de\/wp-json\/wp\/v2\/types\/collaborateurs"}],"author":[{"embeddable":true,"href":"https:\/\/www.hotelis-academy.ch\/de\/wp-json\/wp\/v2\/users\/1"}],"version-history":[{"count":1,"href":"https:\/\/www.hotelis-academy.ch\/de\/wp-json\/wp\/v2\/collaborateurs\/715\/revisions"}],"predecessor-version":[{"id":716,"href":"https:\/\/www.hotelis-academy.ch\/de\/wp-json\/wp\/v2\/collaborateurs\/715\/revisions\/716"}],"wp:featuredmedia":[{"embeddable":true,"href":"https:\/\/www.hotelis-academy.ch\/de\/wp-json\/wp\/v2\/media\/813"}],"wp:attachment":[{"href":"https:\/\/www.hotelis-academy.ch\/de\/wp-json\/wp\/v2\/media?parent=715"}],"wp:term":[{"taxonomy":"agence","embeddable":true,"href":"https:\/\/www.hotelis-academy.ch\/de\/wp-json\/wp\/v2\/agence?post=715"}],"curies":[{"name":"wp","href":"https:\/\/api.w.org\/{rel}","templated":true}]}}

<p>André ist Koch und Absolvent einer Hotelfachschule, er verfügt über mehr als 30 Jahre Erfahrung in der Hotellerie, die er in Spanien und Mittelamerika gesammelt hat. Er war Professor an der Hotelfachschule Les Roches Marbella und am CIO Mijas, er ist CHE- und SVEB1-zertifiziert, spezialisiert auf Erwachsenenbildung.</p>



<p>Seit 2024 ist er wieder in der Schweiz und teilt seine Leidenschaft für die internationale Küche in Kursen, die Schweizer Traditionen und Einflüsse aus aller Welt miteinander verbinden und sich stark für Nachhaltigkeit und lokale Produkte einsetzen.</p>



<p>Als leidenschaftlicher Pädagoge inspiriert er die neuen Generationen von Köchen mit seiner kreativen und respektvollen Vision der Gastronomie. Er verfügt auch über ein solides internationales Netzwerk und vertritt den lateinamerikanischen Verband Aregala.</p>



<p></p>

<p>André ist Koch und Absolvent einer Hotelfachschule, er verfügt über mehr als 30 Jahre Erfahrung in der Hotellerie, die er in Spanien und Mittelamerika gesammelt hat. Er war Professor an der Hotelfachschule Les Roches Marbella und am CIO Mijas, er ist CHE- und SVEB1-zertifiziert, spezialisiert auf Erwachsenenbildung. Seit 2024 ist er wieder in der Schweiz [&#8230;]</p>
<p><a class="btn btn-secondary understrap-read-more-link" href="https://www.hotelis-academy.ch/de/blog/collaborateurs/andre-rytz/">Weiterlesen&#8230;<span class="screen-reader-text"> from Andre Rytz</span></a></p>

<!-- This site is optimized with the Yoast SEO plugin v27.3 - https://yoast.com/product/yoast-seo-wordpress/ -->
<title>Andre Rytz - hotelis-academy</title>
<meta name="robots" content="index, follow, max-snippet:-1, max-image-preview:large, max-video-preview:-1" />
<link rel="canonical" href="https://www.hotelis-academy.ch/de/blog/collaborateurs/andre-rytz/" />
<meta property="og:locale" content="de_DE" />
<meta property="og:type" content="article" />
<meta property="og:title" content="Andre Rytz - hotelis-academy" />
<meta property="og:description" content="André ist Koch und Absolvent einer Hotelfachschule, er verfügt über mehr als 30 Jahre Erfahrung in der Hotellerie, die er in Spanien und Mittelamerika gesammelt hat. Er war Professor an der Hotelfachschule Les Roches Marbella und am CIO Mijas, er ist CHE- und SVEB1-zertifiziert, spezialisiert auf Erwachsenenbildung. Seit 2024 ist er wieder in der Schweiz [...]Weiterlesen... from Andre Rytz" />
<meta property="og:url" content="https://www.hotelis-academy.ch/de/blog/collaborateurs/andre-rytz/" />
<meta property="og:site_name" content="hotelis-academy" />
<meta property="article:publisher" content="https://www.facebook.com/hotelisacademy" />
<meta property="article:modified_time" content="2025-04-14T13:46:23+00:00" />
<meta property="og:image" content="https://www.hotelis-academy.ch/wp-content/uploads/2024/04/Logo_1200x675.jpg" />
	<meta property="og:image:width" content="1200" />
	<meta property="og:image:height" content="675" />
	<meta property="og:image:type" content="image/jpeg" />
<meta name="twitter:card" content="summary_large_image" />
<meta name="twitter:label1" content="Geschätzte Lesezeit" />
	<meta name="twitter:data1" content="1 Minute" />
<script type="application/ld+json" class="yoast-schema-graph">{"@context":"https:\/\/schema.org","@graph":[{"@type":"WebPage","@id":"https:\/\/www.hotelis-academy.ch\/de\/blog\/collaborateurs\/andre-rytz\/","url":"https:\/\/www.hotelis-academy.ch\/de\/blog\/collaborateurs\/andre-rytz\/","name":"Andre Rytz - hotelis-academy","isPartOf":{"@id":"https:\/\/www.hotelis-academy.ch\/de\/#website"},"primaryImageOfPage":{"@id":"https:\/\/www.hotelis-academy.ch\/de\/blog\/collaborateurs\/andre-rytz\/#primaryimage"},"image":{"@id":"https:\/\/www.hotelis-academy.ch\/de\/blog\/collaborateurs\/andre-rytz\/#primaryimage"},"thumbnailUrl":"https:\/\/www.hotelis-academy.ch\/wp-content\/uploads\/2025\/04\/Andre-Ritz750x750.jpg","datePublished":"2025-04-14T13:45:59+00:00","dateModified":"2025-04-14T13:46:23+00:00","breadcrumb":{"@id":"https:\/\/www.hotelis-academy.ch\/de\/blog\/collaborateurs\/andre-rytz\/#breadcrumb"},"inLanguage":"de","potentialAction":[{"@type":"ReadAction","target":["https:\/\/www.hotelis-academy.ch\/de\/blog\/collaborateurs\/andre-rytz\/"]}]},{"@type":"ImageObject","inLanguage":"de","@id":"https:\/\/www.hotelis-academy.ch\/de\/blog\/collaborateurs\/andre-rytz\/#primaryimage","url":"https:\/\/www.hotelis-academy.ch\/wp-content\/uploads\/2025\/04\/Andre-Ritz750x750.jpg","contentUrl":"https:\/\/www.hotelis-academy.ch\/wp-content\/uploads\/2025\/04\/Andre-Ritz750x750.jpg","width":750,"height":750},{"@type":"BreadcrumbList","@id":"https:\/\/www.hotelis-academy.ch\/de\/blog\/collaborateurs\/andre-rytz\/#breadcrumb","itemListElement":[{"@type":"ListItem","position":1,"name":"Accueil","item":"https:\/\/www.hotelis-academy.ch\/de\/"},{"@type":"ListItem","position":2,"name":"Andre Rytz"}]},{"@type":"WebSite","@id":"https:\/\/www.hotelis-academy.ch\/de\/#website","url":"https:\/\/www.hotelis-academy.ch\/de\/","name":"hotelis-academy","description":"Formations et conseils en hôtellerie et restauration","publisher":{"@id":"https:\/\/www.hotelis-academy.ch\/de\/#organization"},"potentialAction":[{"@type":"SearchAction","target":{"@type":"EntryPoint","urlTemplate":"https:\/\/www.hotelis-academy.ch\/de\/?s={search_term_string}"},"query-input":{"@type":"PropertyValueSpecification","valueRequired":true,"valueName":"search_term_string"}}],"inLanguage":"de"},{"@type":"Organization","@id":"https:\/\/www.hotelis-academy.ch\/de\/#organization","name":"Hotelis Academy","url":"https:\/\/www.hotelis-academy.ch\/de\/","logo":{"@type":"ImageObject","inLanguage":"de","@id":"https:\/\/www.hotelis-academy.ch\/de\/#\/schema\/logo\/image\/","url":"https:\/\/www.hotelis-academy.ch\/wp-content\/uploads\/2024\/02\/Logo.png","contentUrl":"https:\/\/www.hotelis-academy.ch\/wp-content\/uploads\/2024\/02\/Logo.png","width":250,"height":71,"caption":"Hotelis Academy"},"image":{"@id":"https:\/\/www.hotelis-academy.ch\/de\/#\/schema\/logo\/image\/"},"sameAs":["https:\/\/www.facebook.com\/hotelisacademy","https:\/\/www.linkedin.com\/company\/hotelis-academy\/"]}]}</script>
<!-- / Yoast SEO plugin. -->

André ist Koch und Absolvent einer Hotelfachschule, er verfügt über mehr als 30 Jahre Erfahrung in der Hotellerie, die er in Spanien und Mittelamerika gesammelt hat. Er war Professor an der Hotelfachschule Les Roches Marbella und am CIO Mijas, er ist CHE- und SVEB1-zertifiziert, spezialisiert auf Erwachsenenbildung. Seit 2024 ist er wieder in der Schweiz [...]Weiterlesen... from Andre Rytz

Formations et conseils en hôtellerie et restauration
